+ -5))?
3
-2 + 7 + 0 + 2
7
Calculate (-16 - -7) + 2 + 4.
-3
Evaluate -2 + -1 + -3 + 8 + -4.
-2
-4 + 13 + -1 + -1 - 3
4
Evaluate (5 - 12) + (4 + 0 - -2).
-1
Calculate (0 - 1) + 2 + -5 + 0.
-4
1 + 0 + (6 - -5) + -15
-3
What is (-2 - -1) + -34 + 44?
9
What is the value of -12 - (-4 - (9 + -11))?
-10
What is -11 - -5 - 7 - -9?
-4
21 - 14 - (2 + -1)
6
What is the value of -1 + 6 + -3 - 0?
2
What is the value of -1 - 3 - (-5 - 5)?
6
Evaluate 1 + (4 + -6 - -5) + -7.
-3
What is 5 - (7 - -1 - 4 - 2)?
3
-3 + (-5 - ((-3 - -3) + -5))
-3
Evaluate 1 + -3 + (6 - -1) - 3.
2
0 + 0 + (-7 - -7)
0
What is -12 - 6 - -3 - -11?
-4
Calculate 5 + (9 - 15 - (0 - -2)).
-3
(6 - 2) + 13 + 16 + -26
7
-6 - 1 - (-2 - 1)
-4
What is 27 + -34 + (1 - -9)?
3
2 - (19 - (-3 + 12))
-8
-7 + (6 - 5) - (-1 - 2)
-3
Calculate -3 - (-1 - (1 - 2)) - 0.
-3
What is the value of -3 - (0 - (-1 + 7))?
3
What is 0 - ((3 - -4) + -6 - -6)?
-7
What is -7 + (2 - -4) + 1?
0
Evaluate 7 - (-2 + 0 - (6 + -10)).
5
What is the value of -18 + (9 + 6 - 6)?
-9
What is the value of (-10 - -5) + (4 - 2)?
-3
Calculate -1 + 2 + 3 - (-6 + 6).
4
What is -3 + -1 + (0 - 1)?
-5
What is the value of (-18 - -2) + (-3 - -12)?
-7
What is 6 + -6 - (3 + -1)?
-2
Calculate -3 - (-2 + -2 + (0 - -5)).
-4
Evaluate -10 - (5 - 10) - (3 - 7).
-1
Calculate (-25 - -2 - -7) + (7 - 0).
-9
(3 - -4) + -4 + -2
1
Calculate 0 + -5 + (-1 - -11).
5
(6 - 1) + -8 + 5
2
What is the value of -12 + 9 + -1 - (-2 + -9)?
7
What is (10 - 5 - 6) + -4?
-5
Evaluate (6 + 8 - 19) + (9 - 0).
4
What is -14 + 13 - (1 - 6)?
4
6 - ((11 - 5) + (1 - 4))
3
What is -1 + -6 - (-3 + 4) - -19?
11
5 + (-3 - 2) + 5
5
Evaluate (-1 - -1 - 7) + 3 - -2.
-2
Calculate -1 - (3 + 4) - -9.
1
Evaluate (7 - 8 - 6) + 4.
-3
Calculate 2 - ((-7 - -5) + (1 - -1)).
2
-66 + 63 + (1 - -6)
4
-63 + 69 + (3 + -1 - -1)
9
(4 - 21) + 16 - (3 - 0)
-4
Evaluate (13 - (1 - -4)) + -15.
-7
Evaluate 6 + (6 + -7 - (3 + -3)).
5
Calculate 1 - 4 - (-77 + 70).
4
Evaluate -30 + 38 + 0 + -3.
5
4 - (-1 - -5 - -2)
-2
Evaluate 12 + -12 - (1 + 2).
-3
5 + -20 + 11 - -8
4
(0 - 7) + (-15 - -22)
0
Evaluate 1 - (-3 - (-3 - -1)).
2
What is -52 + 49 + (0 + 2 - 1)?
-2
Evaluate 1 - (-4 + 6 - -3 - 1).
-3
What is (5 - (0 - (0 - -1))) + -2?
4
Calculate -2 + (2 - (1 - (0 + 2))).
1
Evaluate 1 + -6 + 10 - 10.
-5
Calculate 0 - ((-8 - 2) + 0 + 4).
6
Calculate -4 + -1 + (-42 - -50).
3
7 - 4 - 2 - -3
4
What is the value of -2 + -4 + (6 - 5)?
-5
(6 - (-1 - -7)) + -2
-2
What is the value of 9 + -27 + 5 + (0 - -6)?
-7
What is 13 + -9 + (-7 - 0)?
-3
What is the value of 7 + (-4 - (9 + -10))?
4
-7 - -1 - (-12 + 1)
5
Calculate 9 - 6 - (-1 - -1 - -7).
-4
What is the value of 3 + (1 + -9 - -9)?
4
What is (1 - -3) + (-4 - (7 - 4))?
-3
What is -4 - (2 - (1 - -3))?
-2
Evaluate 0 - (-3 - -7) - -2 - 0.
-2
What is the value of -3 + (-5 - -3) - -3?
-2
(-2 - -4) + (-9 - -16) + -2
7
Evaluate (0 - (-4 + 6)) + 2 + -4.
-4
Calculate (7 + -5 - (-1 + 4)) + -7.
-8
Evaluate -4 + 0 - 1 - -8.
3
Calculate (3 - 2 - -5) + (32 - 32).
6
What is the value of 1 - ((0 - -1) + 12 + -8)?
-4
Calculate -9 - ((-5 - -1) + -2).
-3
Calculate -4 + (0 - -4 - (1 + 2)).
-3
Evaluate -9 + 13 + -5 - (-2 - 4).
5
0 + 7 + 16 + -16
7
Calculate 6 + -6 + 0 + 2.
2
What is the value of (14 - (14 + -8)) + -3?
5
What is 4 + (-4 - 0 - -1 - -2)?
3
What is the value of (5 - (0 + 4)) + -5?
-4
0 + -1 - (-16 + 20) - -7
2
Calculate (-13 - (-42 + 12)) + -13.
4
Evaluate -2 + 5 + -7 - -1.
-3
What is the value of (5 - 9) + 0 + (1 - 1)?
-4
What is -5 - (-2 + 11 + -15)?
1
Calculate 7 + (-8 - (5 + -7 - 0)).
1
2 + -3 + -1 - -1 - 2
-3
What is the value of (-2 - -3) + 3 + 7 + -12?
-1
What is the value of 4 + 2 - (23 - 20)?
3
Calculate -15 - (0 + (1 - 6) + 0).
-10
What is -5 + (0 - (-1 - 3))?
-1
Evaluate (2 - 0) + (0 - (7 + -3)).
-2
-2 - (-25 + 18 + -1 + 2)
4
What is the value of (1 - (7 + -7)) + -2 + 2?
1
Evaluate 0 - (8 + (-8 - -8) + -12).
4
Evaluate (0 - 1) + (-3 - -1).
-3
What is 0 + (-2 - -6) - 6?
-2
What is 1 + -3 + (-2 - -5)?
1
What is the value of (0 - (-2 - -1)) + 0?
1
0 + (14 - 6 - 15)
-7
What is the value of 2 + (12 + -6 - 6)?
2
What is 0 + (-8 - -14 - (3 + 11))?
-8
Calculate (-1 - 19) + -39 + 50.
-9
Evaluate -1 - (-4 - 1) - (0 + -1).
5
-72 + 78 - (7 - 0 - 1)
0
What is the value of -7 - 0 - ((-17 - -3) + 9)?
-2
What is 3 + -2 + -6 + 7?
2
Evaluate 1 - (1 - -3 - (1 - 0)).
-2
What is the value of 10 + -2 + 0 + -1?
7
(2 - 3) + 3 + -18 + 11
-5
What is (3 - (4 - 10 - -15)) + 0?
-6
What is 3 - 10 - -5 - (0 + -2)?
0
What is the value of -1 + (-2 - -9) + 0?
6
What is (6 - (-5 + (5 - -5))) + -2?
-1
Calculate (2 - -2) + -2 + -5.
-3
-8 - (-2 + 2 - (3 + 9))
4
What is the value of (-10 - (-9 + -14)) + -3 + 0?
10
What is (-1 - -4) + (1 + -4 - -5)?
5
Evaluate -16 + (15 - 9) - -17.
7
What is -3 - (5 + 0 - 10)?
2
Calculate 34 + -31 - (-1 + 8).
-4
Calculate -3 - ((-7 - -1) + -1).
4
Calculate 1 + -16 - (-62 + 53).
-6
Calculate -1 - (3 + -1 + -2 + 2).
-3
What is (0 - 4) + 0 + -1?
-5
Evaluate -3 - (-3 + -1 + 1).
0
Calculate 7 - (1 - 1 - -6).
1
Evaluate (-1 - -6) + (0 - (-8 - -10)).
3
What is (0 + 7 - 0) + -6?
1
What is the value of -5 + (-2 - -1 - -7) + -7?
-6
What is 0 + 3 + (-5 - -1) + 2?
1
Calculate -1 + 1 + -2 - (0 - 1).
-1
What is the value of 5 + (-11 - -23) + -16?
1
What is the value of 0 + 4 + -5 - -6?
5
-8 + -2 + 11 + (1 - 0)
2
What is -1 - (2 - -1) - (24 - 24)?
-4
What is the value of 15 - (14 + -7 - 5 - -3)?
10
What is the value of (4 - 0) + 1 + -3?
2
Evaluate (-3 - -2 - 0) + 5.
4
-6 + 3 - (2 + -5 + -3)
3
What is the value of 1 - 9 - (5 - 14)?
1
Evaluate (10 - 4) + -15 + (1 - -2).
-6
0 - (3 + -4 + 2)
-1
What is the value of 3 - ((2 - -3) + -5)?
3
(-3 - 0 - 1 - -8) + 0
4
What is (-5 - 2) + 10 + -3 + -2?
-2
What is -1 + -3 + (1 - 2)?
-5
Calculate -30 + 30 + (-2 - -4).
2
What is -21 + 19 - (0 - 5) - 1?
2
Calculate 18 + -22 - ((0 - 4) + 7).
-7
0 - ((2 - -3) + -5)
0
(1 - (3 - 5)) + -4 + 0
-1
16 + -21 - (-7 + -2 - -2)
2
What is (0 - (2 - -2)) + 0?
-4
What is the value of 3 + 0 + 0 + (1 - 2)?
2
Calculate 8 - (-2 + -4 + 16).
-2
Evaluate (15 - (-6 + 5)) + -10.
6
(-4 - 3) + (4 - -3) - 5
-5
What is the value of 53 + -59 - (-9 + 3)?
0
-1 + (10 - (8 - 5))
6
What is 4 - (0 + -3 + -1 + 3)?
5
What is 4 + -1 - (4 + -1 - -5)?
-5
Evaluate (12 - (1 - 2)) + 116 + -124.
5
Calculate (-8 - (0 - 1)) + (0 - -1).
-6
What is -5 + (-2 - 3 - -5)?
-5
Evaluate 1 - -6 - 11 - 0.
-4
-2 - (-3 + 2 + 1) - -7
5
Evaluate (-13 + 0 - -8) + 3 + -3.
-5
(1 - 1 - (57 + -59)) + -12
-10
Evaluate 0 + 9 + -20 + 10.
-1
What is the value of 3 + -2 + (3 - 1) - -2?
5
Calculate (-3 - -1) + 2 + 4.
4
What is 11 + -11 - (3 - 3)?
0
-9 + 9 + 1 + (-7 - -3)
-3
What is 1 + (17 - 20 - (0 - 4))?
2
What is 2 - 2 - (14 - 8)?
-6
Evaluate 1 + (4 + 0 - -1) + -1.
5
What is -1 + -11 + 4 + 5?
-3
What is 4 + (-1 + (5 - 13) - -5)?
0
-19 - (1 - 10 - 0)
-10
What is the value of (0 - -1) + -2 + 6 + -4?
1
What is 2 - (10 + -3) - -5?
0
Calculate 2 + (9 - (-5 - -12)).
4
Calculate -2 + 2 + (-12 - -7) + -2.
-7
What is the value of 9 + -20 + -9 + 22?
2
Calculate -1 - -1 - (-4 + 13 + -1).
-8
Calculate 5 + -2 + -5 + -3 + -1.
-6
What is -3 - (0 - 5) - 3?
-1
What is the value of -3 + 7 + -3 - 5?
-4
What is the value of 3 + -22 + 7 - (-4 + -2)?
-6
5 + -2 + (3 - 1) + -2
3
Calculate (-3 + -3 - (-1 - 2)) + 6.
3
Calculate -3 - -6 - (8 + -5 + 7).
-7
What is 1 + 5 + -2 + -5?
-1
What is the value of 5 + (-1 - 1) - 10?
-7
Evaluate (1 - -4 - 2) + (-2 - 9).
-8
Evaluate -6 - (-4 + 2) - 2.
-6
What is (-8 - -7) + (1 - 2)?
-2
Evaluate (9 - (-12 - -21)) + -1.
-1
What is 8 - 4 - 9 - -7?
2
Calculate (8 - 4) + -11 + 6.
-1
(-2 - -2) + (2 - 3) - -6
5
Evaluate 0 + 5 + -7 - -8.
6
What is 9 + (-11 - ((4 - 8) + -2))?
4
Evaluate 2 + -4 - (1 - (2 + 1)).
0
Evaluate (-1 - -15) + -15 - (2 + -13).
10
Calculate -9 + (-5 - (-16 - -5)).
-3
Calculate -8 - (-6 - 2 - -2).
-2
What is the value of (1 + 1 - (8 - 3)) + 2?
-1
What is (-8 - 1) + 14 - 4?
1
Evaluate -6 + 3 + 3 + 0 + -1.
-1
(-20 - -28) + 0 + -2
6
Calculate (-3 - -2) + 1 + 25 + -24.
1
1 + 1 + 1 + (-2 - -3)
4
Calculate 0 - (-9 - (7 + -13)).
3
Calculate -6 + 8 + -1 + 4.
5
What is the value of -19 + 23 + -7 + -1?
-4
Calculate (-1 - 1) + -1 + 29 + -29.
-3
What is the value of 1 + 7 + -4 - -1?
5
What is the value of -5 + -4 + (8 - (0 + 2))?
-3
Evaluate (2 - 9) + 15 + -5.
